{"id":19217,"date":"2024-10-07T11:20:49","date_gmt":"2024-10-07T09:20:49","guid":{"rendered":"https:\/\/www.promin.it\/?post_type=schede_prodotto&#038;p=19217"},"modified":"2024-11-11T12:21:37","modified_gmt":"2024-11-11T11:21:37","slug":"inocrema-blanc","status":"publish","type":"schede_prodotto","link":"https:\/\/www.promin.it\/fr\/schede_prodotto\/inocrema-blanc\/","title":{"rendered":"Inocrema blanc"},"content":{"rendered":"<p>Cr\u00e8me eudermique \u00e0 base active <a href=\"https:\/\/www.prominmed.it\/default.asp?id=101&amp;ord=50\" target=\"_blank\" rel=\"noopener\">d\u2019Inositol<\/a>, de Vitamine E et de Vitamine A \u00e0 l\u2019action r\u00e9\u00e9quilibrante, apaisante, eutrophe et r\u00e9-\u00e9pith\u00e9lialisante. <a href=\"https:\/\/www.prominmed.it\/default.asp?id=101&amp;ord=50\" target=\"_blank\" rel=\"noopener\">L\u2019inositol<\/a>, un isom\u00e8re du glucose classifiable parmi les glycovitamines, est un bior\u00e9gulateur m\u00e9tabolique important. Il active la respiration cellulaire et r\u00e9\u00e9quilibre le m\u00e9tabolisme cutan\u00e9. Cette substance pr\u00e9sente une tendance particuli\u00e8re \u00e0 intervenir dans les ph\u00e9nom\u00e8nes qui se produisent avec la lib\u00e9ration d\u2019histamine (inflammation, manifestations allergiques, augmentation du calibre et de la perm\u00e9abilit\u00e9 capillaire) aidant \u00e0 att\u00e9nuer les \u00e9tats irritatifs et inflammatoires. Les vitamines E et A, \u00e0 l\u2019action anti-radicalaire et eutrophe, compl\u00e8tent l\u2019action eudermique de la cr\u00e8me.<\/p>\n<h3>Itin\u00e9raire<\/h3>\n<p>Gr\u00e2ce \u00e0 ses principes actifs, en particulier <a href=\"https:\/\/www.prominmed.it\/default.asp?id=101&amp;ord=50\" target=\"_blank\" rel=\"noopener\">l\u2019Inositol, INOCREMA<\/a> BIANCA est une aide importante dans les processus de restauration de la normalit\u00e9 de la peau contre les stimuli pathologiques de diverses natures : polluants et allerg\u00e8nes, exposition excessive au soleil, \u00e9ryth\u00e8me, traitements invasifs tels que le peeling, le laser, la dermabrasion, les lampes, les irritations du rasage, les piq\u00fbres d\u2019insectes, la transpiration. INOCREMA BIANCA aide \u00e0 traiter les tissus cicatriciels, les cicatrices hypertrophiques, les ch\u00e9lo\u00efdes, les vergetures.<\/p>\n<h3>Mode d\u2019emploi<\/h3>\n<p>INOCREMA BIANCA doit \u00eatre appliqu\u00e9 sur les zones \u00e0 traiter 2 \u00e0 3 fois par jour, en massant jusqu\u2019\u00e0 ce que le produit soit absorb\u00e9. Il s\u2019\u00e9tale facilement, n\u2019est pas gras, p\u00e9n\u00e8tre rapidement et procure imm\u00e9diatement un soulagement facilement perceptible. <\/p>\n<h3>Pr\u00e9sentation<\/h3>\n<p>Tube de 60 g.<\/p>\n","protected":false},"excerpt":{"rendered":"<p>Cr\u00e8me eudermique \u00e0 base active d\u2019Inositol, de Vitamine E et de Vitamine A \u00e0 l\u2019action r\u00e9\u00e9quilibrante, apaisante, eutrophe et r\u00e9-\u00e9pith\u00e9lialisante. L\u2019inositol, un isom\u00e8re du glucose classifiable parmi les glycovitamines, est un bior\u00e9gulateur m\u00e9tabolique important. Il active la respiration cellulaire et r\u00e9\u00e9quilibre le m\u00e9tabolisme cutan\u00e9. Cette substance pr\u00e9sente une tendance particuli\u00e8re \u00e0 intervenir dans les ph\u00e9nom\u00e8nes&#8230;<\/p>\n","protected":false},"featured_media":19090,"parent":0,"menu_order":0,"template":"","meta":{"_acf_changed":false,"jetpack_post_was_ever_published":false},"schede_prodotto_in_evidenza":[],"class_list":["post-19217","schede_prodotto","type-schede_prodotto","status-publish","has-post-thumbnail","hentry"],"acf":[],"yoast_head":"<!-- This site is optimized with the Yoast SEO plugin v23.4 - https:\/\/yoast.com\/wordpress\/plugins\/seo\/ -->\n<title>Inocrema blanc - Promin<\/title>\n<meta name=\"robots\" content=\"index, follow, max-snippet:-1, max-image-preview:large, max-video-preview:-1\" \/>\n<link rel=\"canonical\" href=\"https:\/\/www.promin.it\/fr\/schede_prodotto\/inocrema-blanc\/\" \/>\n<meta property=\"og:locale\" content=\"fr_FR\" \/>\n<meta property=\"og:type\" content=\"article\" \/>\n<meta property=\"og:title\" content=\"Inocrema blanc - Promin\" \/>\n<meta property=\"og:description\" content=\"Cr\u00e8me eudermique \u00e0 base active d\u2019Inositol, de Vitamine E et de Vitamine A \u00e0 l\u2019action r\u00e9\u00e9quilibrante, apaisante, eutrophe et r\u00e9-\u00e9pith\u00e9lialisante. L\u2019inositol, un isom\u00e8re du glucose classifiable parmi les glycovitamines, est un bior\u00e9gulateur m\u00e9tabolique important. Il active la respiration cellulaire et r\u00e9\u00e9quilibre le m\u00e9tabolisme cutan\u00e9. Cette substance pr\u00e9sente une tendance particuli\u00e8re \u00e0 intervenir dans les ph\u00e9nom\u00e8nes...\" \/>\n<meta property=\"og:url\" content=\"https:\/\/www.promin.it\/fr\/schede_prodotto\/inocrema-blanc\/\" \/>\n<meta property=\"og:site_name\" content=\"Promin\" \/>\n<meta property=\"article:publisher\" content=\"https:\/\/www.facebook.com\/prominmed\" \/>\n<meta property=\"article:modified_time\" content=\"2024-11-11T11:21:37+00:00\" \/>\n<meta property=\"og:image\" content=\"https:\/\/www.promin.it\/wp-content\/uploads\/2024\/10\/inocrema-bianca-inositolo-vitamina-vitamina-a-.jpg\" \/>\n\t<meta property=\"og:image:width\" content=\"600\" \/>\n\t<meta property=\"og:image:height\" content=\"600\" \/>\n\t<meta property=\"og:image:type\" content=\"image\/jpeg\" \/>\n<meta name=\"twitter:card\" content=\"summary_large_image\" \/>\n<script type=\"application\/ld+json\" class=\"yoast-schema-graph\">{\"@context\":\"https:\/\/schema.org\",\"@graph\":[{\"@type\":\"WebPage\",\"@id\":\"https:\/\/www.promin.it\/fr\/schede_prodotto\/inocrema-blanc\/\",\"url\":\"https:\/\/www.promin.it\/fr\/schede_prodotto\/inocrema-blanc\/\",\"name\":\"Inocrema blanc - Promin\",\"isPartOf\":{\"@id\":\"https:\/\/www.promin.it\/#website\"},\"primaryImageOfPage\":{\"@id\":\"https:\/\/www.promin.it\/fr\/schede_prodotto\/inocrema-blanc\/#primaryimage\"},\"image\":{\"@id\":\"https:\/\/www.promin.it\/fr\/schede_prodotto\/inocrema-blanc\/#primaryimage\"},\"thumbnailUrl\":\"https:\/\/www.promin.it\/wp-content\/uploads\/2024\/10\/inocrema-bianca-inositolo-vitamina-vitamina-a-.jpg\",\"datePublished\":\"2024-10-07T09:20:49+00:00\",\"dateModified\":\"2024-11-11T11:21:37+00:00\",\"breadcrumb\":{\"@id\":\"https:\/\/www.promin.it\/fr\/schede_prodotto\/inocrema-blanc\/#breadcrumb\"},\"inLanguage\":\"fr-FR\",\"potentialAction\":[{\"@type\":\"ReadAction\",\"target\":[\"https:\/\/www.promin.it\/fr\/schede_prodotto\/inocrema-blanc\/\"]}]},{\"@type\":\"ImageObject\",\"inLanguage\":\"fr-FR\",\"@id\":\"https:\/\/www.promin.it\/fr\/schede_prodotto\/inocrema-blanc\/#primaryimage\",\"url\":\"https:\/\/www.promin.it\/wp-content\/uploads\/2024\/10\/inocrema-bianca-inositolo-vitamina-vitamina-a-.jpg\",\"contentUrl\":\"https:\/\/www.promin.it\/wp-content\/uploads\/2024\/10\/inocrema-bianca-inositolo-vitamina-vitamina-a-.jpg\",\"width\":600,\"height\":600},{\"@type\":\"BreadcrumbList\",\"@id\":\"https:\/\/www.promin.it\/fr\/schede_prodotto\/inocrema-blanc\/#breadcrumb\",\"itemListElement\":[{\"@type\":\"ListItem\",\"position\":1,\"name\":\"Accueil\",\"item\":\"https:\/\/www.promin.it\/fr\/\"},{\"@type\":\"ListItem\",\"position\":2,\"name\":\"Inocrema blanc\"}]},{\"@type\":\"WebSite\",\"@id\":\"https:\/\/www.promin.it\/#website\",\"url\":\"https:\/\/www.promin.it\/\",\"name\":\"Promin\",\"description\":\"Prodotti Medicina Integrata\",\"publisher\":{\"@id\":\"https:\/\/www.promin.it\/#organization\"},\"potentialAction\":[{\"@type\":\"SearchAction\",\"target\":{\"@type\":\"EntryPoint\",\"urlTemplate\":\"https:\/\/www.promin.it\/?s={search_term_string}\"},\"query-input\":{\"@type\":\"PropertyValueSpecification\",\"valueRequired\":true,\"valueName\":\"search_term_string\"}}],\"inLanguage\":\"fr-FR\"},{\"@type\":\"Organization\",\"@id\":\"https:\/\/www.promin.it\/#organization\",\"name\":\"Promin Srl\",\"alternateName\":\"Promin - Prodotti Medicina Integrata\",\"url\":\"https:\/\/www.promin.it\/\",\"logo\":{\"@type\":\"ImageObject\",\"inLanguage\":\"fr-FR\",\"@id\":\"https:\/\/www.promin.it\/#\/schema\/logo\/image\/\",\"url\":\"https:\/\/www.promin.it\/wp-content\/uploads\/2024\/11\/logo-promin-seo.jpg\",\"contentUrl\":\"https:\/\/www.promin.it\/wp-content\/uploads\/2024\/11\/logo-promin-seo.jpg\",\"width\":512,\"height\":512,\"caption\":\"Promin Srl\"},\"image\":{\"@id\":\"https:\/\/www.promin.it\/#\/schema\/logo\/image\/\"},\"sameAs\":[\"https:\/\/www.facebook.com\/prominmed\",\"https:\/\/www.instagram.com\/promin_medicina_integrata\/\",\"https:\/\/www.linkedin.com\/company\/promin-prodotti-medicina-integrata\/\"]}]}<\/script>\n<!-- \/ Yoast SEO plugin. -->","yoast_head_json":{"title":"Inocrema blanc - Promin","robots":{"index":"index","follow":"follow","max-snippet":"max-snippet:-1","max-image-preview":"max-image-preview:large","max-video-preview":"max-video-preview:-1"},"canonical":"https:\/\/www.promin.it\/fr\/schede_prodotto\/inocrema-blanc\/","og_locale":"fr_FR","og_type":"article","og_title":"Inocrema blanc - Promin","og_description":"Cr\u00e8me eudermique \u00e0 base active d\u2019Inositol, de Vitamine E et de Vitamine A \u00e0 l\u2019action r\u00e9\u00e9quilibrante, apaisante, eutrophe et r\u00e9-\u00e9pith\u00e9lialisante. L\u2019inositol, un isom\u00e8re du glucose classifiable parmi les glycovitamines, est un bior\u00e9gulateur m\u00e9tabolique important. Il active la respiration cellulaire et r\u00e9\u00e9quilibre le m\u00e9tabolisme cutan\u00e9. Cette substance pr\u00e9sente une tendance particuli\u00e8re \u00e0 intervenir dans les ph\u00e9nom\u00e8nes...","og_url":"https:\/\/www.promin.it\/fr\/schede_prodotto\/inocrema-blanc\/","og_site_name":"Promin","article_publisher":"https:\/\/www.facebook.com\/prominmed","article_modified_time":"2024-11-11T11:21:37+00:00","og_image":[{"width":600,"height":600,"url":"https:\/\/www.promin.it\/wp-content\/uploads\/2024\/10\/inocrema-bianca-inositolo-vitamina-vitamina-a-.jpg","type":"image\/jpeg"}],"twitter_card":"summary_large_image","schema":{"@context":"https:\/\/schema.org","@graph":[{"@type":"WebPage","@id":"https:\/\/www.promin.it\/fr\/schede_prodotto\/inocrema-blanc\/","url":"https:\/\/www.promin.it\/fr\/schede_prodotto\/inocrema-blanc\/","name":"Inocrema blanc - Promin","isPartOf":{"@id":"https:\/\/www.promin.it\/#website"},"primaryImageOfPage":{"@id":"https:\/\/www.promin.it\/fr\/schede_prodotto\/inocrema-blanc\/#primaryimage"},"image":{"@id":"https:\/\/www.promin.it\/fr\/schede_prodotto\/inocrema-blanc\/#primaryimage"},"thumbnailUrl":"https:\/\/www.promin.it\/wp-content\/uploads\/2024\/10\/inocrema-bianca-inositolo-vitamina-vitamina-a-.jpg","datePublished":"2024-10-07T09:20:49+00:00","dateModified":"2024-11-11T11:21:37+00:00","breadcrumb":{"@id":"https:\/\/www.promin.it\/fr\/schede_prodotto\/inocrema-blanc\/#breadcrumb"},"inLanguage":"fr-FR","potentialAction":[{"@type":"ReadAction","target":["https:\/\/www.promin.it\/fr\/schede_prodotto\/inocrema-blanc\/"]}]},{"@type":"ImageObject","inLanguage":"fr-FR","@id":"https:\/\/www.promin.it\/fr\/schede_prodotto\/inocrema-blanc\/#primaryimage","url":"https:\/\/www.promin.it\/wp-content\/uploads\/2024\/10\/inocrema-bianca-inositolo-vitamina-vitamina-a-.jpg","contentUrl":"https:\/\/www.promin.it\/wp-content\/uploads\/2024\/10\/inocrema-bianca-inositolo-vitamina-vitamina-a-.jpg","width":600,"height":600},{"@type":"BreadcrumbList","@id":"https:\/\/www.promin.it\/fr\/schede_prodotto\/inocrema-blanc\/#breadcrumb","itemListElement":[{"@type":"ListItem","position":1,"name":"Accueil","item":"https:\/\/www.promin.it\/fr\/"},{"@type":"ListItem","position":2,"name":"Inocrema blanc"}]},{"@type":"WebSite","@id":"https:\/\/www.promin.it\/#website","url":"https:\/\/www.promin.it\/","name":"Promin","description":"Prodotti Medicina Integrata","publisher":{"@id":"https:\/\/www.promin.it\/#organization"},"potentialAction":[{"@type":"SearchAction","target":{"@type":"EntryPoint","urlTemplate":"https:\/\/www.promin.it\/?s={search_term_string}"},"query-input":{"@type":"PropertyValueSpecification","valueRequired":true,"valueName":"search_term_string"}}],"inLanguage":"fr-FR"},{"@type":"Organization","@id":"https:\/\/www.promin.it\/#organization","name":"Promin Srl","alternateName":"Promin - Prodotti Medicina Integrata","url":"https:\/\/www.promin.it\/","logo":{"@type":"ImageObject","inLanguage":"fr-FR","@id":"https:\/\/www.promin.it\/#\/schema\/logo\/image\/","url":"https:\/\/www.promin.it\/wp-content\/uploads\/2024\/11\/logo-promin-seo.jpg","contentUrl":"https:\/\/www.promin.it\/wp-content\/uploads\/2024\/11\/logo-promin-seo.jpg","width":512,"height":512,"caption":"Promin Srl"},"image":{"@id":"https:\/\/www.promin.it\/#\/schema\/logo\/image\/"},"sameAs":["https:\/\/www.facebook.com\/prominmed","https:\/\/www.instagram.com\/promin_medicina_integrata\/","https:\/\/www.linkedin.com\/company\/promin-prodotti-medicina-integrata\/"]}]}},"jetpack_sharing_enabled":true,"_links":{"self":[{"href":"https:\/\/www.promin.it\/fr\/wp-json\/wp\/v2\/schede_prodotto\/19217"}],"collection":[{"href":"https:\/\/www.promin.it\/fr\/wp-json\/wp\/v2\/schede_prodotto"}],"about":[{"href":"https:\/\/www.promin.it\/fr\/wp-json\/wp\/v2\/types\/schede_prodotto"}],"wp:featuredmedia":[{"embeddable":true,"href":"https:\/\/www.promin.it\/fr\/wp-json\/wp\/v2\/media\/19090"}],"wp:attachment":[{"href":"https:\/\/www.promin.it\/fr\/wp-json\/wp\/v2\/media?parent=19217"}],"wp:term":[{"taxonomy":"schede_prodotto_in_evidenza","embeddable":true,"href":"https:\/\/www.promin.it\/fr\/wp-json\/wp\/v2\/schede_prodotto_in_evidenza?post=19217"}],"curies":[{"name":"wp","href":"https:\/\/api.w.org\/{rel}","templated":true}]}}

<p>Crème eudermique à base active <a href="https://www.prominmed.it/default.asp?id=101&amp;ord=50" target="_blank" rel="noopener">d’Inositol</a>, de Vitamine E et de Vitamine A à l’action rééquilibrante, apaisante, eutrophe et ré-épithélialisante. <a href="https://www.prominmed.it/default.asp?id=101&amp;ord=50" target="_blank" rel="noopener">L’inositol</a>, un isomère du glucose classifiable parmi les glycovitamines, est un biorégulateur métabolique important. Il active la respiration cellulaire et rééquilibre le métabolisme cutané. Cette substance présente une tendance particulière à intervenir dans les phénomènes qui se produisent avec la libération d’histamine (inflammation, manifestations allergiques, augmentation du calibre et de la perméabilité capillaire) aidant à atténuer les états irritatifs et inflammatoires. Les vitamines E et A, à l’action anti-radicalaire et eutrophe, complètent l’action eudermique de la crème.</p>
<h3>Itinéraire</h3>
<p>Grâce à ses principes actifs, en particulier <a href="https://www.prominmed.it/default.asp?id=101&amp;ord=50" target="_blank" rel="noopener">l’Inositol, INOCREMA</a> BIANCA est une aide importante dans les processus de restauration de la normalité de la peau contre les stimuli pathologiques de diverses natures : polluants et allergènes, exposition excessive au soleil, érythème, traitements invasifs tels que le peeling, le laser, la dermabrasion, les lampes, les irritations du rasage, les piqûres d’insectes, la transpiration. INOCREMA BIANCA aide à traiter les tissus cicatriciels, les cicatrices hypertrophiques, les chéloïdes, les vergetures.</p>
<h3>Mode d’emploi</h3>
<p>INOCREMA BIANCA doit être appliqué sur les zones à traiter 2 à 3 fois par jour, en massant jusqu’à ce que le produit soit absorbé. Il s’étale facilement, n’est pas gras, pénètre rapidement et procure immédiatement un soulagement facilement perceptible. </p>
<h3>Présentation</h3>
<p>Tube de 60 g.</p>

<p>Crème eudermique à base active d’Inositol, de Vitamine E et de Vitamine A à l’action rééquilibrante, apaisante, eutrophe et ré-épithélialisante. L’inositol, un isomère du glucose classifiable parmi les glycovitamines, est un biorégulateur métabolique important. Il active la respiration cellulaire et rééquilibre le métabolisme cutané. Cette substance présente une tendance particulière à intervenir dans les phénomènes&#8230;</p>

<!-- This site is optimized with the Yoast SEO plugin v23.4 - https://yoast.com/wordpress/plugins/seo/ -->
<title>Inocrema blanc - Promin</title>
<meta name="robots" content="index, follow, max-snippet:-1, max-image-preview:large, max-video-preview:-1" />
<link rel="canonical" href="https://www.promin.it/fr/schede_prodotto/inocrema-blanc/" />
<meta property="og:locale" content="fr_FR" />
<meta property="og:type" content="article" />
<meta property="og:title" content="Inocrema blanc - Promin" />
<meta property="og:description" content="Crème eudermique à base active d’Inositol, de Vitamine E et de Vitamine A à l’action rééquilibrante, apaisante, eutrophe et ré-épithélialisante. L’inositol, un isomère du glucose classifiable parmi les glycovitamines, est un biorégulateur métabolique important. Il active la respiration cellulaire et rééquilibre le métabolisme cutané. Cette substance présente une tendance particulière à intervenir dans les phénomènes..." />
<meta property="og:url" content="https://www.promin.it/fr/schede_prodotto/inocrema-blanc/" />
<meta property="og:site_name" content="Promin" />
<meta property="article:publisher" content="https://www.facebook.com/prominmed" />
<meta property="article:modified_time" content="2024-11-11T11:21:37+00:00" />
<meta property="og:image" content="https://www.promin.it/wp-content/uploads/2024/10/inocrema-bianca-inositolo-vitamina-vitamina-a-.jpg" />
	<meta property="og:image:width" content="600" />
	<meta property="og:image:height" content="600" />
	<meta property="og:image:type" content="image/jpeg" />
<meta name="twitter:card" content="summary_large_image" />
<script type="application/ld+json" class="yoast-schema-graph">{"@context":"https://schema.org","@graph":[{"@type":"WebPage","@id":"https://www.promin.it/fr/schede_prodotto/inocrema-blanc/","url":"https://www.promin.it/fr/schede_prodotto/inocrema-blanc/","name":"Inocrema blanc - Promin","isPartOf":{"@id":"https://www.promin.it/#website"},"primaryImageOfPage":{"@id":"https://www.promin.it/fr/schede_prodotto/inocrema-blanc/#primaryimage"},"image":{"@id":"https://www.promin.it/fr/schede_prodotto/inocrema-blanc/#primaryimage"},"thumbnailUrl":"https://www.promin.it/wp-content/uploads/2024/10/inocrema-bianca-inositolo-vitamina-vitamina-a-.jpg","datePublished":"2024-10-07T09:20:49+00:00","dateModified":"2024-11-11T11:21:37+00:00","breadcrumb":{"@id":"https://www.promin.it/fr/schede_prodotto/inocrema-blanc/#breadcrumb"},"inLanguage":"fr-FR","potentialAction":[{"@type":"ReadAction","target":["https://www.promin.it/fr/schede_prodotto/inocrema-blanc/"]}]},{"@type":"ImageObject","inLanguage":"fr-FR","@id":"https://www.promin.it/fr/schede_prodotto/inocrema-blanc/#primaryimage","url":"https://www.promin.it/wp-content/uploads/2024/10/inocrema-bianca-inositolo-vitamina-vitamina-a-.jpg","contentUrl":"https://www.promin.it/wp-content/uploads/2024/10/inocrema-bianca-inositolo-vitamina-vitamina-a-.jpg","width":600,"height":600},{"@type":"BreadcrumbList","@id":"https://www.promin.it/fr/schede_prodotto/inocrema-blanc/#breadcrumb","itemListElement":[{"@type":"ListItem","position":1,"name":"Accueil","item":"https://www.promin.it/fr/"},{"@type":"ListItem","position":2,"name":"Inocrema blanc"}]},{"@type":"WebSite","@id":"https://www.promin.it/#website","url":"https://www.promin.it/","name":"Promin","description":"Prodotti Medicina Integrata","publisher":{"@id":"https://www.promin.it/#organization"},"potentialAction":[{"@type":"SearchAction","target":{"@type":"EntryPoint","urlTemplate":"https://www.promin.it/?s={search_term_string}"},"query-input":{"@type":"PropertyValueSpecification","valueRequired":true,"valueName":"search_term_string"}}],"inLanguage":"fr-FR"},{"@type":"Organization","@id":"https://www.promin.it/#organization","name":"Promin Srl","alternateName":"Promin - Prodotti Medicina Integrata","url":"https://www.promin.it/","logo":{"@type":"ImageObject","inLanguage":"fr-FR","@id":"https://www.promin.it/#/schema/logo/image/","url":"https://www.promin.it/wp-content/uploads/2024/11/logo-promin-seo.jpg","contentUrl":"https://www.promin.it/wp-content/uploads/2024/11/logo-promin-seo.jpg","width":512,"height":512,"caption":"Promin Srl"},"image":{"@id":"https://www.promin.it/#/schema/logo/image/"},"sameAs":["https://www.facebook.com/prominmed","https://www.instagram.com/promin_medicina_integrata/","https://www.linkedin.com/company/promin-prodotti-medicina-integrata/"]}]}</script>
<!-- / Yoast SEO plugin. -->

Crème eudermique à base active d’Inositol, de Vitamine E et de Vitamine A à l’action rééquilibrante, apaisante, eutrophe et ré-épithélialisante. L’inositol, un isomère du glucose classifiable parmi les glycovitamines, est un biorégulateur métabolique important. Il active la respiration cellulaire et rééquilibre le métabolisme cutané. Cette substance présente une tendance particulière à intervenir dans les phénomènes...
